 divide 1650?
True
Is 354 a factor of 26550?
True
Is 9 a factor of 2277?
True
Is 12 a factor of 10592?
False
Is 72 a factor of 28800?
True
Is 600 a multiple of 10?
True
Is 605 a multiple of 10?
False
Does 27 divide 178?
False
Is 34 a factor of 2142?
True
Does 96 divide 33442?
False
Does 23 divide 73207?
False
Does 13 divide 260?
True
Is 7695 a multiple of 37?
False
Is 528 a multiple of 22?
True
Is 10 a factor of 1909?
False
Is 9 a factor of 513?
True
Does 223 divide 3253?
False
Does 2 divide 2233?
False
Does 23 divide 161?
True
Is 13 a factor of 535?
False
Does 6 divide 1794?
True
Is 6 a factor of 347?
False
Does 13 divide 521?
False
Is 110 a factor of 51040?
True
Is 16 a factor of 18720?
True
Is 24 a factor of 1440?
True
Does 9 divide 14716?
False
Is 91 a factor of 234?
False
Is 2600 a multiple of 104?
True
Is 46314 a multiple of 83?
True
Is 788 a multiple of 54?
False
Is 18579 a multiple of 33?
True
Does 116 divide 1276?
True
Is 16 a factor of 576?
True
Is 3 a factor of 1316?
False
Is 3128 a multiple of 184?
True
Is 31 a factor of 4712?
True
Is 79112 a multiple of 232?
True
Does 68 divide 13549?
False
Is 143 a factor of 64862?
False
Is 468 a multiple of 14?
False
Is 97 a factor of 26141?
False
Does 119 divide 476?
True
Is 96 a multiple of 8?
True
Does 14 divide 280?
True
Does 203 divide 22127?
True
Is 608 a multiple of 16?
True
Does 4 divide 2275?
False
Is 47 a factor of 17155?
True
Does 20 divide 60?
True
Does 4 divide 14093?
False
Is 2675 a multiple of 10?
False
Is 663 a multiple of 21?
False
Is 240 a multiple of 10?
True
Does 7 divide 231?
True
Is 1046 a multiple of 6?
False
Is 34 a factor of 3421?
False
Is 22 a factor of 34210?
True
Is 21 a factor of 1128?
False
Is 26803 a multiple of 34?
False
Is 23 a factor of 63892?
False
Does 11 divide 187?
True
Is 1400 a multiple of 14?
True
Is 29 a factor of 2685?
False
Is 1240 a multiple of 40?
True
Is 373 a multiple of 40?
False
Is 8547 a multiple of 37?
True
Is 12 a factor of 1860?
True
Does 12 divide 504?
True
Is 9 a factor of 8485?
False
Does 64 divide 35727?
False
Is 47 a factor of 2516?
False
Is 6188 a multiple of 34?
True
Is 526 a multiple of 43?
False
Is 9968 a multiple of 89?
True
Does 8 divide 944?
True
Is 7 a factor of 735?
True
Does 71 divide 17537?
True
Does 38 divide 2774?
True
Does 49 divide 90552?
True
Is 2513 even?
False
Is 50 a factor of 876?
False
Is 528 a multiple of 4?
True
Is 11952 a multiple of 18?
True
Is 5734 a multiple of 61?
True
Is 34 a factor of 1871?
False
Is 18513 a multiple of 56?
False
Is 49 a multiple of 7?
True
Is 77 a factor of 9468?
False
Is 24 a factor of 301?
False
Is 4320 a multiple of 8?
True
Is 5 a factor of 1303?
False
Is 92 a factor of 3956?
True
Is 18 a factor of 10494?
True
Is 61 a factor of 5879?
False
Is 181 a factor of 53033?
True
Is 84 a multiple of 12?
True
Is 159 a multiple of 86?
False
Does 7 divide 3615?
False
Does 15 divide 1065?
True
Is 66 a factor of 30426?
True
Is 11921 a multiple of 131?
True
Is 74348 a multiple of 35?
False
Does 18 divide 5256?
True
Is 95 a factor of 5651?
False
Does 3 divide 371?
False
Is 9 a factor of 1322?
False
Is 197 a factor of 16743?
False
Is 3944 a multiple of 3?
False
Does 253 divide 21285?
False
Is 6 a factor of 2892?
True
Is 8400 a multiple of 35?
True
Is 11 a factor of 5566?
True
Is 71 a multiple of 25?
False
Is 2176 a multiple of 8?
True
Is 49821 a multiple of 191?
False
Is 5975 a multiple of 24?
False
Does 7 divide 4063?
False
Is 72 a factor of 23760?
True
Is 2 a factor of 253?
False
Is 799 a multiple of 17?
True
Is 69 a multiple of 15?
False
Is 271 a multiple of 46?
False
Is 18745 a multiple of 163?
True
Is 14 a factor of 7798?
True
Is 90 a factor of 61805?
False
Does 167 divide 19064?
False
Does 8 divide 9416?
True
Is 1407 a multiple of 6?
False
Is 664 a multiple of 18?
False
Does 96 divide 475?
False
Is 13738 a multiple of 126?
False
Is 10 a factor of 22480?
True
Does 149 divide 4471?
False
Is 42024 a multiple of 68?
True
Is 104 a multiple of 13?
True
Is 14 a factor of 436?
False
Is 46 a factor of 230?
True
Is 54 a multiple of 26?
False
Does 4 divide 10346?
False
Is 17 a multiple of 9?
False
Does 5 divide 25692?
False
Is 29 a factor of 4480?
False
Is 15 a factor of 6656?
False
Does 2 divide 88?
True
Is 4 a factor of 15320?
True
Does 8 divide 24928?
True
Is 216 a multiple of 18?
True
Is 386 a multiple of 27?
False
Does 5 divide 9836?
False
Is 26 a factor of 3161?
False
Is 4871 a multiple of 112?
False
Does 20 divide 41902?
False
Is 341 a multiple of 18?
False
Is 61 a factor of 33199?
False
Is 94 a factor of 166?
False
Is 20 a factor of 1280?
True
Is 2899 a multiple of 13?
True
Does 6 divide 774?
True
Is 663 a multiple of 27?
False
Is 13 a factor of 1220?
False
Is 32 a multiple of 3?
False
Is 68 a factor of 41702?
False
Is 10 a factor of 390?
True
Is 2763 a multiple of 16?
False
Is 17 a factor of 1343?
True
Is 6936 a multiple of 51?
True
Does 6 divide 936?
True
Is 58 a factor of 696?
True
Is 19 a factor of 7144?
True
Is 92 a factor of 85560?
True
Is 14 a factor of 1632?
False
Is 15865 a multiple of 19?
True
Does 14 divide 1807?
False
Is 11061 a multiple of 65?
False
Does 56 divide 168?
True
Is 83 a factor of 2573?
True
Is 20 a factor of 373?
False
Is 2448 a multiple of 51?
True
Is 152 a multiple of 76?
True
Is 32 a factor of 65263?
False
Is 17689 a multiple of 198?
False
Is 289 a multiple of 15?
False
Is 2381 a multiple of 6?
False
Is 16 a factor of 4094?
False
Does 18 divide 3276?
True
Is 373 a multiple of 120?
False
Is 981 a multiple of 30?
False
Is 203 a factor of 72674?
True
Is 660 a multiple of 20?
True
Is 4 a factor of 18542?
False
Is 1460 a multiple of 16?
False
Does 118 divide 800?
False
Is 9891 a multiple of 63?
True
Is 17 a factor of 1911?
False
Is 158 a factor of 1748?
False
Is 39 a factor of 990?
False
Does 21 divide 9009?
True
Is 16 a factor of 719?
False
Does 6 divide 6086?
False
Is 5 a factor of 564?
False
Is 15 a factor of 2355?
True
Does 12 divide 784?
False
Does 63 divide 441?
True
Is 13 a factor of 57824?
True
Does 37 divide 39649?
False
Does 28 divide 7700?
True
Is 35 a factor of 490?
True
Is 1188 a multiple of 6?
True
Does 9 divide 1584?
True
Is 3038 a multiple of 49?
True
Does 11 divide 286?
True
Does 48 divide 6672?
True
Is 46 a factor of 964?
False
Is 400 a multiple of 80?
True
Does 3 divide 52?
False
Does 5 divide 595?
True
Is 140 a factor of 21980?
True
Is 22 a factor of 9953?
False
Does 3 divide 44741?
False
Does 3 divide 34371?
True
Does 274 divide 5899?
False
Does 7 divide 26390?
True
Does 28 divide 448?
True
Is 42 a factor of 2626?
False
Is 7 a factor of 33?
False
Is 108 a factor of 1512?
True
Is 9 a factor of 6518?
False
Is 728 a multiple of 26?
True
Is 74 a factor of 1828?
False
Is 1180 a multiple of 31?
False
Does 8 divide 791?
False
Is 60 a factor of 2035?
False
Is 374 a multiple of 27?
False
Is 33 a factor of 35888?
False
Is 5824 a multiple of 74?
False
Is 1890 a multiple of 70?
True
Does 30 divide 1740?
True
Is 127 a multiple of 10?
False
Does 18 divide 761?
False
Does 21 divide 72261?
True
Is 93948 a multiple of 14?
False
Does 13 divide 78?
True
Is 716 a multiple of 33?
False
Is 21 a factor of 2002?
False
Is 10 a factor of 240?
True
Does 26 divide 66849?
False
Is 39120 a multiple of 15?
True
Is 11 a multiple of 2?
False
Does 319 divide 27434?
True
Is 12 a factor of 1104?
True
Does 12 divide 9036?
True
Is 22398 a multiple of 16?
False
Is 22 a factor of 258?
False
Is 44 a factor of 1102?
False
Is 7 a factor of 1506?
False
Is 66 a factor of 1782?
True
Is 12 a factor of 758?
False
Is 4940 a multiple of 26?
True
Does 21 divide 1155?
True
Is 957 a multiple of 29?
True
Does 124 divide 11293?
False
Does 39 divide 28913?
False
Is 30970 a multiple of 15?
False
Does 55 divide 1071?
False
Is 25 a factor of 1549?
False
Is 4 a factor of 1495?
False
Does 20 divide 1908?
False
Does 2 divide 3410?
True
Is 4122 a multiple of 9?
True
Is 530 a multiple of 2?
True
Does 13 divide 3042?
True
Is 44 a factor of 11634?
False
Is 2991 a multiple of 65?
False
Is 13 even?
False
Is 10 a factor of 1190?
True
Is 29 a factor of 90905?
False
Is 1080 a multiple of 12?
True
Does 24 divide 2078?
False
Is 17 a factor of 2890?
True
Is 5 a factor of 175?
True
Is 353 a multiple of 47?
False
Is 14 a factor o